remainder when 2511196 is divided by 2511108?
88
What is the remainder when 210937 is divided by 1405?
187
What is the remainder when 54279 is divided by 2695?
379
Calculate the remainder when 12041 is divided by 11248.
793
What is the remainder when 5445130 is divided by 115?
110
What is the remainder when 13322 is divided by 3780?
1982
What is the remainder when 82559357 is divided by 126?
125
What is the remainder when 26197944 is divided by 59?
56
What is the remainder when 655811 is divided by 222?
23
What is the remainder when 31895566 is divided by 3717?
3706
What is the remainder when 305319 is divided by 6787?
6691
Calculate the remainder when 99723 is divided by 368.
363
What is the remainder when 8291872 is divided by 152?
120
What is the remainder when 142243 is divided by 1946?
185
Calculate the remainder when 22207576 is divided by 2186.
2
What is the remainder when 2444359 is divided by 203682?
175
What is the remainder when 496200 is divided by 24802?
160
What is the remainder when 1840798 is divided by 47194?
232
What is the remainder when 169516 is divided by 943?
719
Calculate the remainder when 38518 is divided by 12664.
526
What is the remainder when 239665 is divided by 613?
595
What is the remainder when 109024391 is divided by 212?
211
Calculate the remainder when 910986 is divided by 5482.
974
What is the remainder when 2706155 is divided by 43646?
103
Calculate the remainder when 59587 is divided by 59373.
214
What is the remainder when 3591463 is divided by 239395?
538
What is the remainder when 127116 is divided by 1837?
363
What is the remainder when 3382907 is divided by 2432?
2427
Calculate the remainder when 104348927 is divided by 70.
67
Calculate the remainder when 11516044 is divided by 1919339.
10
What is the remainder when 4303924 is divided by 122969?
9
What is the remainder when 271970 is divided by 691?
407
What is the remainder when 25424660 is divided by 111?
110
What is the remainder when 28044947 is divided by 50?
47
What is the remainder when 2108812 is divided by 1182?
124
Calculate the remainder when 2630024 is divided by 1077.
1067
Calculate the remainder when 10069358 is divided by 1006927.
88
What is the remainder when 4612 is divided by 1155?
1147
Calculate the remainder when 22364150 is divided by 8180.
30
What is the remainder when 147859 is divided by 503?
480
Calculate the remainder when 78836 is divided by 2090.
1506
What is the remainder when 89543 is divided by 22038?
1391
Calculate the remainder when 260749 is divided by 1823.
60
What is the remainder when 654018 is divided by 234?
222
Calculate the remainder when 9373049 is divided by 795.
794
Calculate the remainder when 59480 is divided by 130.
70
Calculate the remainder when 1539056 is divided by 171005.
11
Calculate the remainder when 14264 is divided by 8697.
5567
What is the remainder when 22630137 is divided by 44?
13
What is the remainder when 8215052 is divided by 89?
85
What is the remainder when 409117064 is divided by 2889?
2885
Calculate the remainder when 126766 is divided by 1892.
2
Calculate the remainder when 127872 is divided by 6392.
32
Calculate the remainder when 2501073 is divided by 5.
3
What is the remainder when 88621 is divided by 43740?
1141
What is the remainder when 244820 is divided by 122241?
338
Calculate the remainder when 1006816 is divided by 3623.
3245
Calculate the remainder when 1818402 is divided by 326.
300
What is the remainder when 7980184 is divided by 1191?
484
What is the remainder when 5213879 is divided by 45?
44
Calculate the remainder when 149087 is divided by 545.
302
What is the remainder when 3228388 is divided by 538064?
4
What is the remainder when 275895 is divided by 1587?
1344
Calculate the remainder when 168769 is divided by 249.
196
What is the remainder when 9748 is divided by 1678?
1358
Calculate the remainder when 578238 is divided by 1021.
352
Calculate the remainder when 33597673 is divided by 1056.
1033
Calculate the remainder when 329184 is divided by 473.
449
What is the remainder when 419485 is divided by 104860?
45
What is the remainder when 315940 is divided by 359?
20
Calculate the remainder when 19244210 is divided by 31.
30
Calculate the remainder when 323904837 is divided by 36.
21
What is the remainder when 23255708 is divided by 6792?
6692
Calculate the remainder when 989086 is divided by 14916.
4630
What is the remainder when 53686681 is divided by 352?
345
Calculate the remainder when 2957780 is divided by 417.
416
Calculate the remainder when 33593004 is divided by 7.
4
Calculate the remainder when 9081269 is divided by 2778.
2765
Calculate the remainder when 28010 is divided by 13876.
258
What is the remainder when 98812 is divided by 2763?
2107
Calculate the remainder when 113882659 is divided by 391.
390
What is the remainder when 343797 is divided by 209?
201
What is the remainder when 3747520 is divided by 1873724?
72
Calculate the remainder when 5250433 is divided by 135.
13
Calculate the remainder when 11510896 is divided by 335.
296
Calculate the remainder when 1519208 is divided by 1568.
1384
Calculate the remainder when 53097 is divided by 1735.
1047
Calculate the remainder when 38275724 is divided by 1095.
1094
What is the remainder when 20026015 is divided by 5006501?
11
Calculate the remainder when 89577 is divided by 305.
212
Calculate the remainder when 1173759 is divided by 839.
837
What is the remainder when 493392 is divided by 162580?
5652
Calculate the remainder when 2616541 is divided by 9911.
37
Calculate the remainder when 42101 is divided by 935.
26
Calculate the remainder when 1962671 is divided by 122666.
15
What is the remainder when 96009 is divided by 5327?
123
What is the remainder when 43420 is divided by 108?
4
What is the remainder when 2940650 is divided by 1003?
857
Calculate the remainder when 3977040 is divided by 15179.
142
Calculate the remainder when 137067940 is divided by 349663.
44
Calculate the remainder when 4410286 is divided by 9188.
46
Calculate the remainder when 16967087 is divided by 37.
34
What is the remainder when 1615726 is divided by 16?
14
Calculate the remainder when 6475752 is divided by 3692.
3676
What is the remainder when 7445061 is divided by 620421?
9
What is the remainder when 4638786 is divided by 44?
42
What is the remainder when 1374388 is divided by 1374347?
41
What is the remainder when 103674 is divided by 418?
10
What is the remainder when 2066996 is divided by 328?
268
What is the remainder when 12571039 is divided by 6?
1
Calculate the remainder when 998773 is divided by 35.
13
Calculate the remainder when 101685267 is divided by 795.
792
What is the remainder when 4232927 is divided by 57?
50
What is the remainder when 4153245 is divided by 13?
5
What is the remainder when 71651 is divided by 1222?
775
What is the remainder when 582124 is divided by 24?
4
Calculate the remainder when 260935 is divided by 1373.
65
Calculate the remainder when 12183502 is divided by 537.
46
Calculate the remainder when 335327999 is divided by 3360.
3359
Calculate the remainder when 54082819 is divided by 10524.
10507
Calculate the remainder when 452227 is divided by 6737.
848
Calculate the remainder when 18606049 is divided by 4168.
97
What is the remainder when 167108 is divided by 412?
248
What is the remainder when 6631119 is divided by 40?
39
Calculate the remainder when 21794 is divided by 4260.
494
What is the remainder when 99151255 is divided by 482?
481
What is the remainder when 15583726 is divided by 145?
141
Calculate the remainder when 15461 is divided by 7551.
359
Calculate the remainder when 2322023 is divided by 132.
11
What is the remainder when 110073 is divided by 52292?
5489
Calculate the remainder when 1623104 is divided by 540888.
440
Calculate the remainder when 84103 is divided by 27331.
2110
Calculate the remainder when 130219 is divided by 94.
29
What is the remainder when 57433 is divided by 105?
103
Calculate the remainder when 3101620 is divided by 81.
49
What is the remainder when 34394 is divided by 33974?
420
Calculate the remainder when 17519 is divided by 5826.
41
What is the remainder when 13763678 is divided by 2278?
2
What is the remainder when 187028 is divide